 14 a factor of 216818?
True
Is 94649940 a multiple of 70?
True
Is 2054655492 a multiple of 12?
True
Is 453409600 a multiple of 70?
True
Is 604 a factor of 100780284?
False
Is 5648099 a multiple of 7?
False
Is 29905760 a multiple of 80?
True
Is 9474803 a multiple of 13?
True
Is 22228151 a multiple of 3?
False
Is 33 a factor of 480853403?
False
Does 122 divide 122160209?
False
Is 22 a factor of 513842441?
False
Is 2733169074 a multiple of 23?
True
Is 365 a factor of 592793640?
False
Is 1983424384 a multiple of 1022?
False
Is 198477624 a multiple of 24?
True
Is 132 a factor of 5554849?
False
Does 369 divide 125249670?
True
Is 315 a factor of 310308548?
False
Is 21 a factor of 32370954?
True
Is 1901604232 a multiple of 341?
True
Is 3 a factor of 107392814?
False
Is 49004976 a multiple of 24?
True
Is 1672 a factor of 2642030095?
False
Does 1407 divide 128572122?
False
Does 27 divide 1708524522?
True
Is 4769 a factor of 65940963?
True
Does 348 divide 15818739?
False
Is 6628410 a multiple of 5?
True
Does 53 divide 41813714?
True
Is 1694 a factor of 35294404?
False
Is 2781324 a multiple of 84?
True
Is 387541801 a multiple of 178?
False
Is 326 a factor of 881424130?
True
Is 15536697 a multiple of 11?
True
Does 306 divide 23041573?
False
Is 15 a factor of 14628105?
True
Does 85 divide 16385705?
True
Is 356130936 a multiple of 4?
True
Is 9578052 a multiple of 209?
True
Is 43 a factor of 38787677?
True
Is 3721806715 a multiple of 86?
False
Does 65 divide 43923750?
True
Is 617197 a multiple of 37?
True
Is 1346815548 a multiple of 612?
True
Is 110571735 a multiple of 285?
True
Is 835 a factor of 3450220?
True
Is 32868735 a multiple of 12?
False
Is 3737585866 a multiple of 174?
False
Does 851 divide 21761772?
True
Is 1101 a factor of 5786017038?
True
Does 1392 divide 398560224?
True
Is 171 a factor of 50446838?
False
Is 51334607 a multiple of 104?
False
Is 117091359 a multiple of 1071?
True
Does 415 divide 9917256?
False
Is 330066 a multiple of 2?
True
Is 1081502250 a multiple of 6?
True
Is 2123 a factor of 7649169?
True
Is 37340168 a multiple of 116?
True
Does 347 divide 1109499?
False
Is 75 a factor of 54579975?
True
Is 3982 a factor of 647329848?
True
Does 689 divide 348500710?
False
Is 92139750 a multiple of 31?
True
Is 124 a factor of 25537891?
False
Is 13793879 a multiple of 156?
False
Is 727170950 a multiple of 23?
False
Does 26 divide 66943136?
True
Does 2770 divide 106678240?
True
Does 45 divide 4247477775?
True
Is 3059058022 a multiple of 3968?
False
Does 5 divide 355303301?
False
Is 1896461130 a multiple of 223?
True
Does 4442 divide 582559416?
True
Is 20764589 a multiple of 8?
False
Is 3331876234 a multiple of 5393?
False
Is 75 a factor of 1074404100?
True
Is 12 a factor of 2030417004?
True
Is 2793 a factor of 428003158?
False
Does 5153 divide 44795029?
True
Is 7 a factor of 15688802?
False
Is 1296001237 a multiple of 959?
False
Is 622624819 a multiple of 12?
False
Does 98 divide 26710782?
True
Does 472 divide 895055960?
True
Does 26 divide 656868420?
True
Is 31842540 a multiple of 15?
True
Does 1446 divide 95217424?
False
Does 2746 divide 105768795?
False
Is 77 a factor of 51321732?
True
Is 6 a factor of 35049488?
False
Is 39 a factor of 264369284?
False
Does 2 divide 3457208?
True
Is 1206 a factor of 1764474521?
False
Is 5 a factor of 9989210?
True
Is 59024210 a multiple of 10?
True
Is 157 a factor of 11892436?
True
Does 14 divide 881318217?
False
Does 267 divide 126613813?
False
Is 2 a factor of 21011150?
True
Is 593 a factor of 82091955?
True
Is 10 a factor of 57343680?
True
Is 132 a factor of 62639389?
False
Is 536 a factor of 30662952?
True
Is 93391370 a multiple of 84?
False
Is 105251820 a multiple of 124?
True
Does 282 divide 149798052?
False
Is 143900101 a multiple of 4470?
False
Is 690 a factor of 2251910?
False
Is 36 a factor of 2653476?
False
Is 144 a factor of 388406448?
True
Is 23939998 a multiple of 1924?
False
Is 162 a factor of 95100318?
True
Is 423700365 a multiple of 931?
False
Is 47 a factor of 80091473?
False
Is 23 a factor of 8471452?
True
Is 22653067 a multiple of 937?
False
Is 4636880486 a multiple of 97?
False
Is 58863069 a multiple of 322?
False
Is 2619 a factor of 28581217?
False
Is 4087 a factor of 73136865?
True
Is 677735646 a multiple of 478?
True
Does 30 divide 370203780?
True
Is 829 a factor of 13559953?
True
Is 604 a factor of 27859468?
False
Is 73 a factor of 29119501?
False
Is 2179 a factor of 242474762?
True
Does 13 divide 11488061?
True
Does 194 divide 349993266?
True
Does 8 divide 26958535?
False
Is 170 a factor of 3289768?
False
Does 454 divide 1078585874?
False
Does 2 divide 5943848?
True
Is 25 a factor of 834941469?
False
Does 10 divide 43755187?
False
Does 385 divide 1342478830?
True
Is 739986 a multiple of 200?
False
Does 28 divide 142817752?
True
Is 16405835 a multiple of 1393?
False
Does 164 divide 9818080?
False
Is 8444 a factor of 1355532208?
True
Is 73 a factor of 63269746?
False
Does 47 divide 76379464?
False
Is 223 a factor of 28582579?
True
Is 80345509 a multiple of 12?
False
Is 175052045 a multiple of 130?
False
Is 289 a factor of 21124744?
True
Does 5 divide 1733420?
True
Does 151 divide 2778813380?
False
Does 4103 divide 88118097?
False
Is 4018588200 a multiple of 30?
True
Is 10040603 a multiple of 34?
False
Is 3 a factor of 121051348?
False
Does 352 divide 748905344?
True
Is 5517822068 a multiple of 5158?
False
Is 63 a factor of 37671732?
True
Does 2661 divide 119175546?
True
Is 493 a factor of 79423932?
False
Is 1510 a factor of 65616035?
False
Does 21 divide 1436452307?
False
Does 9 divide 2744780982?
False
Does 22 divide 5091834?
True
Does 51 divide 997679821?
False
Is 1094821040 a multiple of 1520?
True
Is 35 a factor of 26238285?
False
Is 162885440 a multiple of 64?
True
Is 34 a factor of 30154129?
False
Is 220669580 a multiple of 61?
False
Is 28291048 a multiple of 166?
True
Is 87946863 a multiple of 713?
False
Is 353839668 a multiple of 14?
True
Is 47946119 a multiple of 156?
False
Is 4138 a factor of 43509755?
False
Does 53 divide 72574174?
False
Is 41 a factor of 2367062?
False
Is 272543248 a multiple of 808?
True
Is 678 a factor of 213529185?
False
Is 40 a factor of 17410040?
True
Is 858 a factor of 320976685?
False
Does 1669 divide 247357483?
True
Is 12 a factor of 915477504?
True
Is 1143 a factor of 826915220?
False
Does 2 divide 2295954?
True
Does 14 divide 194045768?
True
Does 292 divide 93386165?
False
Is 535326363 a multiple of 112?
False
Does 262 divide 221199519?
False
Is 39296380 a multiple of 1444?
False
Is 609 a factor of 459225585?
True
Is 12018179 a multiple of 4?
False
Is 33272655 a multiple of 221?
True
Is 379809122 a multiple of 154?
True
Is 28613124 a multiple of 4?
True
Does 1026 divide 838608758?
False
Does 175 divide 9018800?
True
Is 179929111 a multiple of 185?
False
Is 168019956 a multiple of 117?
True
Does 23 divide 126230806?
False
Is 13 a factor of 1883908?
True
Is 14 a factor of 700151477?
False
Is 57198493 a multiple of 253?
True
Is 26 a factor of 44186642?
False
Does 494 divide 4690795772?
True
Does 241 divide 54275127?
False
Does 5 divide 171683964?
False
Is 387876529 a multiple of 9?
False
Is 13 a factor of 324320191?
True
Is 159172518 a multiple of 6?
True
Does 3323 divide 271754940?
True
Is 14 a factor of 68560767?
False
Is 1038518633 a multiple of 1549?
False
Is 8 a factor of 62711496?
True
Does 22 divide 53447724?
True
Is 73 a factor of 908783743?
False
Is 50630490 a multiple of 18?
True
Does 41 divide 127985682?
True
Does 46 divide 2370531?
False
Is 23960560 a multiple of 130?
True
Does 392 divide 37415224?
True
Does 15 divide 57910911?
False
Is 55346816 a multiple of 896?
True
Is 24026718 a multiple of 19?
False
Is 1647490 a multiple of 494?
True
Is 2261 a factor of 68374901?
True
Is 12 a factor of 4661153764?
False
Does 82 divide 50626220?
False
Is 100 a factor of 178077957?
False
Is 5 a factor of 147853835?
True
Does 817 divide 1451292726?
False
Does 7 divide 50794358?
False
Is 2022 a factor of 31031634?
True
Does 16 divide 101705925?
False
Is 68 a factor of 22332492?
True
Is 285 a factor of 545145709?
False
Is 4084513 a multiple of 16?
False
Is 53 a factor of 2454091403?
False
Is 22 a factor of 650523808?
True
Is 51303680 a multiple of 81